?
11
Let z = 953 - -196. Suppose -g + 93 = -2*n - n, g - 4*n - 92 = 0. Calculate the remainder when z is divided by g.
93
Let v = -55 - -60. Suppose 3 = 5*k - 2*s, -5 = -v*k - s + 1. What is the remainder when 39 is divided by -10*k*(2 - 6 - -3)?
9
Suppose 3*z + 29*s - 34*s - 231 = 0, 4*z = -s + 308. Calculate the remainder when 160 is divided by z.
6
Let m = -247 + 497. Let b = -232 + m. What is the remainder when 65 is divided by b?
11
Suppose -3*b + 2 + 10 = 0, -2*o = 14*b - 534. Suppose 2*v = v + 4*w + 76, 2*v - 100 = -5*w. What is the remainder when o is divided by v?
59
Suppose -t - 7 = -3*r, -4*t + 173 = r + 123. What is the remainder when 282 is divided by t?
7
Let q = 2684 - 2675. What is the remainder when 833 is divided by q?
5
What is the remainder when 396 is divided by (-4)/((-32)/(-620))*22/(10 + -21)?
86
Suppose 67*n + 265*n - 19310 = 3598. Let x be (-2)/(2/(-1) - 0). Suppose 0*f + f = 5*l - 99, x = -l - 5*f. Calculate the remainder when n is divided by l.
12
Let n be 6/(-8) + (-135)/(-20). Suppose 5*d - n*d + 599 = 5*y, 369 = 3*y + 3*d. What is the remainder when y is divided by 33?
20
Suppose 0 = 2*k + 3*c + 1328, -5*c = k - 6*k - 3270. Let x be k/21 + 4/(-6). Let o = 43 + x. Calculate the remainder when 19 is divided by o.
8
Let f(w) = -8*w**2 + 2*w - 2. Let b be f(2). Let x = 96 + b. Calculate the remainder when x is divided by (-205)/(-9) - (32/(-468) + 32/(-208)).
20
Let i(p) = 12*p**3 - p. Let c be ((-26 + 2)/2)/(7/(-245)). Suppose c = 40*r - 25*r. Calculate the remainder when r is divided by i(1).
6
Let a = 2228 + -966. Calculate the remainder when a is divided by 40.
22
Suppose 3*x - c - 566 = -2*c, -3*c = 2*x - 389. Suppose 7*m = 7*m - 7*m + 168. What is the remainder when x is divided by m?
19
Suppose -24*t + 91*t = 12194. Calculate the remainder when t is divided by 19.
11
Suppose 0*k = -5*k. Let t(q) = -q**3 + q**2 + q + 34. Suppose -2*h + 5*l = -39, 0*l + 49 = 2*h + 5*l. Calculate the remainder when t(k) is divided by h.
12
Let n be 2 - (2 - -2)/(12/(-24)). Suppose -n*m = 8*m - 1368. Calculate the remainder when 147 is divided by m.
71
Let g = 456 - 454. Calculate the remainder when 43 is divided by 35/5*g - -1.
13
Suppose 13 + 27 = c. Let t = -19615 + 19689. Calculate the remainder when t is divided by c.
34
Let s(i) be the third derivative of i**6/8 - i**5/30 - i**4/12 + 37*i**2. Let d be s(2). Let q = d + -78. Calculate the remainder when q is divided by 8.
6
Suppose -m + 3*m - 4452 = -4*p, 0 = -13*m - 3*p + 28754. What is the remainder when m is divided by 123?
119
Let x = 2496 + -2456. Calculate the remainder when 5597 is divided by x.
37
Let z = -743 + 2737. What is the remainder when z is divided by 50?
44
Suppose -3*h + 0*h + 15 = 0, -5*j - 3*h - 15 = 0. Let o(y) = -3*y - 51. Let k be o(-12). Let q = j - k. Calculate the remainder when q is divided by 6.
3
Suppose 5*f = 7*f - 3*r + 123, 0 = -3*f - r - 201. Let w = -51 - f. Calculate the remainder when 72 is divided by w.
12
Let d = -522 + 504. What is the remainder when 730 is divided by 3*(-114)/d - 7?
10
Let v be (3/(-6))/(1/46). Suppose 4*h = 16, 4*o + 2*h + 34 = -18. Let u = o - v. What is the remainder when 37 is divided by u?
5
Suppose 162*v + 1241 = 47*v + 3426. Calculate the remainder when 2176 is divided by v.
10
Suppose 94*c + 12 = 98*c. Suppose 3*u - 5*z - 10 = 0, -4*u + 32 = -4*z + 2*z. Suppose u*l - 84 = 3*l. What is the remainder when l is divided by c?
0
Let j(h) = 404*h - 1176. Calculate the remainder when 1603 is divided by j(3).
19
Suppose 0 = 126*j - 1124 - 7192. What is the remainder when 2175 is divided by j?
63
Let l(b) = 32*b + 5*b**2 + 17 + b**2 - 7*b**2 - b**2. Suppose -t + 34 = 4*y - 9*y, -5*t = 5*y - 50. Calculate the remainder when l(t) is divided by 39.
34
What is the remainder when ((-3474)/8)/(-9) + -5 + 76/16 is divided by 9?
3
Suppose 11*l - 14*l = 54. Let n = 23 - l. Suppose -85 = -5*p + 2*h, -4*p + 0*h = 3*h - 45. Calculate the remainder when n is divided by p.
11
Let d be (-24)/2*(-15)/30. Calculate the remainder when 133 is divided by (-105)/d*(-7 - -5).
28
Let r(g) = g - 4. Let a be r(4). Let i(q) = -q**3 - 15*q**2 + 16*q + 31. What is the remainder when 118 - (0 - a - 3) is divided by i(-16)?
28
Suppose -15*l = -338 + 68. What is the remainder when 5993 is divided by l?
17
Suppose 0 = 801*u - 797*u - 1808. Let z = 540 - u. Suppose 95 = 5*j - 5*p, 2*j + 2*j - 2*p - 68 = 0. What is the remainder when z is divided by j?
13
Calculate the remainder when 804 is divided by 416/6*(-1296)/(-576).
24
Suppose -5*l - 5*i = -9955, -2294 = 4*l + 6*i - 10248. Calculate the remainder when l is divided by 499.
0
Suppose 4*b - c = -88, 2*b + c + 0*c + 44 = 0. What is the remainder when 57 is divided by (-2004)/(-132) + 4/b?
12
Suppose 3*m - 33 = 21. Calculate the remainder when (-1452)/(-56) + 0/(-3) + (-22)/(-308) is divided by 102/27 + 4/m.
2
Suppose 0 = -3*w + 10*v + 15, -12*v - 131 = -5*w - 13*v. What is the remainder when 573 is divided by w?
23
Calculate the remainder when 179 is divided by (0 - -1 - -1) + -11 - -187.
1
Suppose -25*h + 2443 + 4272 = 54*h. What is the remainder when 905 is divided by h?
55
Let f = -68 + 55. Let m(j) = -j + 17. Suppose 0 = 5*r + 3*u - 460, 0 = 3*r + 3*u - 286 + 4. Calculate the remainder when r is divided by m(f).
29
Let o = 254 + -223. Suppose -4*j + o = 5*a, 8 = -j - 3*a + 14. What is the remainder when 21 is divided by j?
3
Let d = 794 + -798. Suppose -2*j = -5*j + 1206. Calculate the remainder when d/(-20) - j/(-15) is divided by 10.
7
Suppose 59*c + 859 = 65*c - 125. Calculate the remainder when c is divided by 78.
8
Suppose -5*m - 11 + 31 = 0, -4*w = -4*m - 2924. Calculate the remainder when 743 is divided by w.
8
Suppose g = -2*j + 2 + 22, 5*j = -3*g + 67. What is the remainder when 482 is divided by g?
6
Let r(x) = -15*x - 7. Let o(i) = -2*i - 1. Let n(l) = -2*o(l) + 2*r(l). Calculate the remainder when n(-3) is divided by 25.
16
Suppose 1980 = -3153*w + 3163*w. Calculate the remainder when w is divided by (-3)/3 - 0 - -103.
96
Let p be 154*((-104)/(-144) - (-4)/(-18)). Suppose p + 83 = 5*l. Suppose -197 = -4*v + 179. Calculate the remainder when v is divided by l.
30
Let u be 5/((-10)/(-8)) - 4 - -5. Calculate the remainder when 18 is divided by (u/(-1))/((-43)/86).
8
Suppose -8*o + 9752 = 3*s - 9*o, -6*o - 6512 = -2*s. What is the remainder when s is divided by 325?
0
What is the remainder when (12/(-14))/((-1)/7) is divided by (6 - -1 - (-200)/25) + -12?
0
Let l(v) be the second derivative of -35*v**3/2 - v**2 + 36*v. Calculate the remainder when l(-1) is divided by 26.
25
Let g(a) = -a**3 - 73*a**2 - 210*a + 187. Calculate the remainder when g(-70) is divided by 94.
93
Suppose 2*a = -0*a + 20. Calculate the remainder when ((1 - a)/(-9))/(2/6) is divided by 3.
0
Suppose 12 = -s - 5*h + 1, 0 = -2*h - 8. Let t(n) = 0*n**2 + 4*n**2 + 6*n - 3 - 3*n**2. What is the remainder when t(-9) is divided by s?
6
Let c(z) = 2*z**3 - 10*z**2 - 13*z + 164. Calculate the remainder when c(6) is divided by 138.
20
Let t = 60 + -39. Suppose 3*z = -3*v + 2220, 1558 - 84 = 2*z - v. Suppose 17*o - z = -o. Calculate the remainder when o is divided by t.
20
Suppose 0 = -3*k + 21 - 0. Suppose -14*v = -7709 + 7233. What is the remainder when v is divided by k?
6
Let a(c) = 8*c - 24. Let j(i) = -2*i - 1. Let w(y) = -a(y) + 5*j(y). Calculate the remainder when w(-2) is divided by 14.
13
Let t = 2368 - 2345. What is the remainder when 145 is divided by t?
7
Suppose -3*l + 40 = 1. Let r = -1088 + 1113. What is the remainder when r is divided by l?
12
Let a(j) = -j**3 + 7*j**2 - 24*j + 93. Suppose 263*q + 50 = 273*q. Calculate the remainder when 170 is divided by a(q).
9
Let x(m) = -51*m + 4527. Calculate the remainder when 772 is divided by x(88).
31
Let j = 7523 - 5893. Calculate the remainder when j is divided by 19.
15
Suppose 0 = -g + 5*y + 5 - 2, 4*y - 4 = 0. Suppose 2 - 42 = -g*b. What is the remainder when 9 is divided by b?
4
Suppose 12*b - 8*b - q = -20, -25 = 5*b - q. What is the remainder when 74 is divided by 6*(160/(-12))/b?
10
Let k(a) = 23*a**2 + 800*a + 47. What is the remainder when k(-36) is divided by 342?
29
Suppose 0*v - v = -12. Suppose 185*w - 42*w + 96*w = 22227. Calculate the remainder wh